3 - 124*q**2 + 375*q + 46479. Determine j(-124).
-21
Let h(o) = -94*o**2 + 2362*o - 7086. Calculate h(3).
-846
Let v(o) = 9037*o + 26996. Determine v(-3).
-115
Let w(c) = -718*c - 19445. Calculate w(-27).
-59
Let z(m) = -20*m**3 - 1563*m**2 + 3129*m - 4. Give z(2).
-158
Let o(a) = -a**3 - 2*a**2 + 219*a - 909. Determine o(11).
-73
Let t(y) = 160*y - 3097. What is t(21)?
263
Let x(o) = -o**3 - 78*o**2 - 31*o + 949. Give x(-77).
-2593
Let r(n) = -26*n**2 - 7218*n + 93359. Calculate r(-290).
-21
Let b(u) = 6*u**3 + 24*u**2 - 1126*u + 1108. Give b(1).
12
Let q(c) = -2*c**3 + 86*c**2 - 85*c - 772. What is q(42)?
-814
Let l(k) = -k**3 + 86*k**2 - 211*k - 2232. What is l(82)?
7362
Let y(v) = -15284*v + 962896. Determine y(63).
4
Let n(h) = 161*h**2 - 3202*h + 5458. Give n(18).
-14
Let w(h) = -4637*h - 2898108. Determine w(-625).
17
Let d(i) = -201*i**2 - 12238*i + 48944. Determine d(4).
-3224
Let h(y) = 5*y**3 - 34*y**2 - 12*y - 44. Calculate h(-2).
-196
Let s(j) = j**2 + 84*j - 3601. Determine s(-115).
-36
Let l(r) = -12*r**3 - 30*r**2 + 44*r + 131. Give l(2).
3
Let r(w) = -10*w**2 + 6110*w + 12221. Calculate r(613).
-39
Let p(n) = -192*n + 1024. Give p(7).
-320
Let p(a) = -7*a**2 - 44627*a + 223136. Give p(5).
-174
Let n(q) = 189409*q - 757584. Calculate n(4).
52
Let v(u) = -214*u - 780. Give v(-10).
1360
Let j(k) = -767*k - 5. What is j(0)?
-5
Let z(y) = -2*y**3 + 635*y**2 + 325*y - 1752. Calculate z(318).
474
Let s(h) = -h**3 - 49*h**2 + 768*h - 29346. What is s(-67)?
0
Let a(p) = -p**3 + p**2 - 313*p + 6415. Determine a(18).
-4727
Let v(m) = -474*m - 585. Determine v(-5).
1785
Let a(v) = -13*v**2 + 796*v - 8183. Calculate a(13).
-32
Let u(n) = -14*n**2 - 141*n - 199. Give u(-2).
27
Let x(b) = b**3 - 27*b**2 + 79*b - 561. Calculate x(9).
-1308
Let t(o) = -2420*o - 198448. Calculate t(-82).
-8
Let g(s) = -8760*s + 17573. Calculate g(2).
53
Let z(n) = 58492*n + 6083168. Give z(-104).
0
Let z(q) = 17*q**2 - 856*q + 1872. Calculate z(48).
-48
Let q(p) = 321*p - 36309. Determine q(113).
-36
Let c(q) = q**2 + 7058*q + 853000. Calculate c(-123).
-5
Let t(w) = 9*w**2 + 263*w + 1015. Calculate t(-24).
-113
Let b(v) = 6*v**3 + 244*v**2 - 91*v - 329. Calculate b(-41).
40
Let g(r) = -2*r**3 + 4*r**2 + 241*r - 6. Calculate g(-10).
-16
Let i(m) = -22462*m + 831065. Give i(37).
-29
Let p(s) = 5*s**3 - 287*s**2 + 3821*s + 21. Give p(21).
0
Let j(a) = 9257*a - 101846. Calculate j(11).
-19
Let o(x) = -4*x**2 + 3810*x + 34233. Determine o(-9).
-381
Let x(n) = -718985*n + 2156994. What is x(3)?
39
Let h(n) = -4*n**2 + 757*n + 11165. Determine h(203).
0
Let k(a) = a**3 - 19*a**2 - 142*a + 2238. What is k(21)?
138
Let d(h) = 93*h**2 - 13392*h - 40. What is d(144)?
-40
Let s(c) = 5*c**2 - 599*c + 18042. What is s(57)?
144
Let t(i) = -10*i**3 - 38*i**2 + 4531*i + 18081. Calculate t(-4).
-11
Let f(b) = 14*b**2 - 1308*b + 551. Calculate f(93).
-7
Let v(s) = -s**3 + 27*s**2 + 1217*s + 54. Calculate v(-23).
-1487
Let a(i) = 5*i**2 + 59*i - 17. Give a(-2).
-115
Let s(q) = 11*q**2 - 2105*q + 82497. Calculate s(55).
-3
Let a(s) = 14*s**2 - 4017*s + 117092. What is a(254)?
-2
Let x(c) = -52580*c + 788703. Give x(15).
3
Let g(j) = -14*j**2 + 422*j + 462. What is g(31)?
90
Let m(s) = 5187522*s + 20750074. What is m(-4)?
-14
Let r(k) = 2*k - 235. Give r(68).
-99
Let c(m) = -3*m**3 - 25*m**2 + 365*m - 67. What is c(-16)?
-19
Let o(a) = -36*a - 2869. Determine o(-42).
-1357
Let w(b) = -2*b**2 + 137*b - 2324. Give w(19).
-443
Let y(w) = -w**2 + 665*w + 2687. Calculate y(-4).
11
Let h(b) = 1249*b + 17383. Determine h(-14).
-103
Let d(x) = -598*x - 2625. What is d(-5)?
365
Let f(o) = -2*o**2 - 155*o - 2255. What is f(-58)?
7
Let b(f) = -63025*f + 504210. Calculate b(8).
10
Let c(m) = -38*m**2 + 1228*m + 2460. Give c(-2).
-148
Let v(a) = 2172*a - 17413. Give v(8).
-37
Let k(u) = 272261*u - 1633462. Give k(6).
104
Let y(b) = -86*b**3 - 3946*b**2 + 456*b - 108. Determine y(-46).
76
Let r(i) = 7*i + 300. Calculate r(-49).
-43
Let h(m) = 14*m**2 - 86*m - 25. What is h(6)?
-37
Let g(f) = -34*f**3 + 3634*f**2 + 501*f - 7755. Determine g(107).
56
Let k(x) = x**2 + 731*x + 76644. Determine k(-128).
-540
Let i(d) = 162856*d - 4234266. Calculate i(26).
-10
Let i(p) = 1738*p - 5806. Give i(3).
-592
Let m(k) = 158192*k + 316040. Give m(-2).
-344
Let i(g) = -5*g**2 - 283*g + 34450. What is i(-116)?
-2
Let p(a) = 25227*a - 1. What is p(0)?
-1
Let h(s) = s**3 - 9*s**2 + 361*s - 6010. Calculate h(14).
24
Let z(m) = -91*m**2 + 2500*m - 7599. What is z(24)?
-15
Let w(f) = 6*f**2 + 7257*f - 472999. Calculate w(62).
-1
Let q(p) = p**2 + 23592*p - 212401. Calculate q(9).
8
Let u(b) = 38745*b - 464919. Give u(12).
21
Let c(x) = 6*x**3 + 285*x**2 - 711*x - 40038. Determine c(-47).
6
Let m(j) = 74*j**3 - 1554*j**2 + 3*j - 71. Determine m(21).
-8
Let a(o) = -9*o**3 - 25*o**2 - 117*o + 66. Give a(-7).
2747
Let k(z) = -3*z**2 + 4569*z + 64537. Determine k(-14).
-17
Let k(y) = -6*y**2 + 2327*y - 24480. Give k(377).
25
Let u(w) = 34488*w - 34625. What is u(1)?
-137
Let d(f) = 361*f + 4484. Give d(-15).
-931
Let z(a) = -a**3 - 94*a**2 - 322*a - 5583. Give z(-91).
-1124
Let u(y) = -83299*y + 499645. Give u(6).
-149
Let u(t) = 1161*t + 19738. Calculate u(-17).
1
Let z(p) = 10410*p - 3310370. Determine z(318).
10
Let q(x) = 5*x**3 + 462*x**2 + 182*x - 176. What is q(-92)?
8
Let t(l) = -3*l**2 - 8637*l - 8637. Calculate t(-1).
-3
Let w(y) = y**3 - 55*y**2 - 477*y + 39018. What is w(48)?
-6
Let j(d) = 6269*d + 21614. What is j(-4)?
-3462
Let u(d) = -14*d**2 + 239*d - 29. Determine u(21).
-1184
Let t(y) = 37599*y - 18310708. What is t(487)?
5
Let c(o) = o**3 - 303*o**2 + 2376*o - 4721. Calculate c(295).
-1
Let v(a) = a**2 - 5750*a + 45935. What is v(8)?
-1
Let c(g) = -3*g**3 - 25*g**2 - 41*g + 5. What is c(-6)?
-1
Let z(t) = -4*t**3 + 17*t**2 + 80*t - 446. Determine z(6).
-218
Let h(k) = -4*k - 1709. Give h(126).
-2213
Let i(t) = -3*t**2 - 884*t + 11352. Determine i(-307).
-7
Let r(w) = -1088*w + 191494. Calculate r(176).
6
Let h(w) = -36*w**3 + 1476*w**2 - 129*w + 5289. What is h(41)?
0
Let b(r) = -21*r**3 - 2*r**2 - 79*r + 81. What is b(1)?
-21
Let t(b) = 19702*b + 334916. What is t(-17)?
-18
Let d(b) = -4018*b + 3999. Calculate d(1).
-19
Let n(o) = o**3 + 544*o**2 - 1885*o - 1025448. Determine n(-544).
-8
Let q(f) = -f**3 - 195*f**2 - 3495*f + 933. Calculate q(-175).
58
Let t(r) = -r**2 - 1435*r - 8860. Calculate t(-6).
-286
Let i(t) = -4*t**3 - 76*t**2 - 239*t + 1161. What is i(-12)?
-3
Let o(f) = -128*f**3 - 6273*f**2 - 45*f + 194. Determine o(-49).
-2
Let r(v) = 3*v**3 - 189*v**2 - 15511*v - 25. What is r(110)?
-135
Let w(f) = 143*f - 3653. What is w(29)?
494
Let i(s) = 92961*s + 6228389. Give i(-67).
2
Let w(i) = -i**2 + 1813*i + 108678. What is w(-58)?
160
Let m(a) = a**2 - 286*a - 8330. Calculate m(-28).
462
Let b(m) = 18756*m - 318845. Determine b(17).
7
Let h(s) = -14744*s - 44244. Calculate h(-3).
-12
Let h(x) = -432*x**3 - 9*x**2 - 12*x - 2. Calculate h(-1).
433
Let v(o) = -o**3 + 28*o**2 + 120*o - 3139. Determine v(31).
-2302
Let g(u) = -7773*u - 131097. Determine g(-17).
1044
Let o(k) = 66*k**2 + 544*k - 13. Determine o(-9).
437
Let y(g) = g**3 + 43*g**2 - 6545*g - 3616. Determine y(-105).
59
Let v(h) = -687*h**2 - 2112*h - 8. Give v(-4).
-2552
Let f(c) = 387*c + 7945. Calculate f(-20).
205
Let i(k) = -16530*k - 165266. What is i(-10)?
34
Let s(p) = -5*p**3 - 39*p**2 - 352*p - 487. Calculate s(-8).
2393
Let f(s) = -184391*s + 368781. Calculate f(2).
-1
Let f(k) = 16012*k - 102401. Give f(6).
-6329
Let j(c) = -1497988*c + 10485918. Calculate j(7).
2
Let b(h) = 3*h**3 - 184*h**2 - 561*h + 57459. What is b(59)?
-7
Let w(x) = -679*x**2 + 29204*x - 2. Calculate w(43).
299
Let d(a) = 3*a**3 - 33*a**2 - 22*a + 162. Determine d(11).
-80
Let f(m) = 2740408*m + 5480828. Calculate f(-2).
12
Let s(n) = -n**2 - 301*n - 13056. What is s(-52)?
-108
Let c(u) = 870394*u**2 + 3481584*u + 23. What is c(-4)?
-9
Let q(f) = 5*f**3 - 1963*f**2 - 2737*f - 8269. What is q(394)?
5
Let d(y) = -4202*y + 588039. Calculate d(140).
-241
Let m(n) = -n**3 - 7*n**2 + 584*n + 5533. Give m(-10).
-7
Let p(b) = -1046570*b - 18838255. Calculate p(-18).
5
Let v(g) = -86386*g + 1382184. Give v(16).
8
Let x(o) = -18*o**2 + 770*o - 8204. Determ